 -1214. Let g = m + 660. Is g a prime number?
False
Let m(g) = 93*g**2 + 3*g + 1. Is m(-3) a prime number?
True
Let p(x) = -x**2 - 1. Let l be p(0). Let k(d) = 74*d**2. Let q be k(l). Let b = -37 + q. Is b composite?
False
Let t be (-166)/(-18) + 2/(-9). Let h(j) = -6*j**3 - 16*j**2 + 18*j + 5. Let f(p) = 5*p**3 + 15*p**2 - 17*p - 4. Let o(y) = -7*f(y) - 6*h(y). Is o(t) composite?
False
Let y be 105/(-14) - (-1)/(-2). Let r(w) = 2*w + 5. Let n(i) = -i - 5. Let p(l) = -4*n(l) - 5*r(l). Is p(y) a composite number?
False
Let h = -306 + 632. Is h a composite number?
True
Suppose 0 = -5*b - 5*z + 360, -2*b = -6*b + 5*z + 243. Let s = b + -36. Is s a prime number?
True
Let r = 782 + -280. Is r composite?
True
Suppose -s = -w + 519, 5*w + 3*s = w + 2041. Is w a composite number?
True
Let i = 357 + -103. Suppose -3*l + l + i = 0. Is l prime?
True
Suppose 5*c = -t + 791, -4*c = -3*t - 230 - 418. Let p = c - 106. Is p prime?
True
Let f = 1 - -1. Suppose 0*x - 264 = -f*x. Suppose -5*h = 4*b - 92 - 22, 4*b - 4*h = x. Is b a composite number?
False
Suppose 3*d = 1544 - 215. Is d prime?
True
Let a be (8/6)/(4/18). Let p(b) = 5*b + 5. Is p(a) a composite number?
True
Let b be 4*(-2)/(-8) + 1438. Suppose -4*o - 83 + b = 0. Is o a composite number?
True
Let z = -2 + 12. Suppose 5*w = -3*j + 16, j + j - z = -3*w. Suppose 0 = -4*p + 2*x + 226, -j*p - 4*x + 8 = -110. Is p a prime number?
False
Let d be ((-8)/(-6))/(10/45). Suppose 0 = 2*a - d - 6. Is a prime?
False
Let f be 0/(0 - 6/(-3)). Suppose -5*a + 2*l = -3*l - 245, f = -4*l + 16. Is a a composite number?
False
Suppose -3*g + 3*a = 114, -5*g - 43 = -4*g + 4*a. Let b = g - -76. Is b a prime number?
True
Suppose 3*y - 7*y = -2884. Is y composite?
True
Let d(i) = -80*i + 1. Is d(-13) a composite number?
True
Suppose -3*v = -4*q - 7, 2*v - 1 = q - 2*q. Is -1*v/((-4)/932) composite?
False
Suppose -1103 - 88 = -3*u. Is u prime?
True
Let f(d) = 188*d + 77. Is f(10) a prime number?
False
Let g be (-309)/12 + 2/(-8). Let h be 408/(-9) - (-2)/6. Let a = g - h. Is a a composite number?
False
Suppose 2*j + 65 = -65. Let i = j + 18. Let g = 72 + i. Is g prime?
False
Suppose 3*y = -2*t + 87, -t = 3*y - 6*t - 108. Is y a composite number?
False
Suppose 0*r = r - 18. Let s = 13 - r. Let c(v) = v**2 + 5*v + 2. Is c(s) a composite number?
False
Let v(r) = 3*r**3 - 3*r**2 + 5*r - 2. Let g(o) = -3*o**3 + 3*o**2 - 4*o + 1. Let b(l) = -6*g(l) - 5*v(l). Is b(5) a composite number?
True
Suppose -f - 4*d = -93, d - 53 - 133 = -2*f. Suppose -2*j + f + 112 = i, 4*j - 405 = -i. Suppose 4*a = -a - 5*r + j, -3*r + 16 = a. Is a a prime number?
False
Let v(w) = w - 5. Let i be v(-6). Suppose 3*u - 4*u + 4*q + 52 = 0, 2*u - 3*q = 79. Let g = i + u. Is g prime?
False
Let k(l) = 9*l**2 + 3*l + 1. Is k(-4) prime?
False
Let p(i) = 2*i**2 - 7*i - 2. Let h be p(5). Suppose -17 = -5*d + h. Is d a composite number?
True
Let q = -2261 + 5797. Let t = q + -2059. Is t a composite number?
True
Let a = 81 - 51. Let y = a + -21. Let l(h) = 3*h - 5. Is l(y) prime?
False
Suppose 0*k + 4*k = 36. Let z(g) = -g**2 + 5*g + 3. Let p be z(4). Let m = k - p. Is m a prime number?
True
Let b be 878*(1 - (-9)/(-6)). Let u = -260 - b. Is u prime?
True
Let k be -13 - -2*9/6. Let s(q) = q + 12. Let v be s(k). Suppose -4*p - 5*m + 1113 = -553, 832 = v*p + 3*m. Is p composite?
False
Let x = -9 + 10. Let p(n) = 14*n**2. Is p(x) prime?
False
Suppose -103 = -5*v - 4*j + 158, -207 = -4*v - 5*j. Is v a prime number?
True
Let i = 26 - -45. Is i a prime number?
True
Let p be 544/7 + 2/7. Suppose 4*r = 2*n - 0*r - 132, -n - r = -p. Is n prime?
False
Suppose -3*w = -8*w + 590. Is (2 - w)*(-21)/12 composite?
True
Let f(d) = -d**3 - 6*d**2 - 11*d - 11. Let w be -10*(0 + 5 + -4). Is f(w) composite?
False
Let d(s) = -2*s - 1. Suppose 0 = c + 2 + 8. Is d(c) composite?
False
Suppose 2544 = 2*j - 3*x + 8*x, -4*j + 5110 = -x. Is j composite?
False
Let l(j) = 2*j - 1. Let u be l(3). Suppose 0 = z - 2*o - 2 - 8, 120 = u*z + 4*o. Suppose -4*g + z = -s + 49, -3*s = -4*g - 79. Is s composite?
True
Let o be (99/(-4))/(1/(-4)). Suppose -4*s + o = -53. Suppose i + s = 3*i. Is i a composite number?
False
Suppose 0 = 3*q - q - 1946. Suppose q = 2*j + 179. Is j a composite number?
False
Suppose f + 2517 = 3*f + r, -6297 = -5*f + 2*r. Is f composite?
False
Let v = 56 + 270. Is v a composite number?
True
Let s(f) = -3*f**2 + 0*f**2 + 290 - 7*f + f**2 + 0*f**2. Let a(d) = d**2 + 3*d - 145. Let x(l) = -7*a(l) - 3*s(l). Is x(0) composite?
True
Let s(p) = -12*p - 9*p - 2 - 11*p. Is s(-2) composite?
True
Suppose 0 = p - 3*p. Suppose 0 = 5*t - 6*w + w - 95, 2*t + 3*w - 13 = p. Is t prime?
False
Suppose -634 = -0*i - i. Let j = -383 + i. Is j prime?
True
Let n = 1130 + -488. Suppose k + k - n = 0. Is k composite?
True
Let o(c) be the second derivative of -c**3/3 - c**2 + c. Let n(x) = x**2 + 9*x - 8. Let j be n(-9). Is o(j) a prime number?
False
Suppose -4*h + 8767 - 171 = 0. Is h prime?
False
Let n(c) = -275*c - 32. Is n(-5) a prime number?
False
Is 1139/3 + 2/(-3) a prime number?
True
Let i(t) = -t**2 - 34*t - 26. Is i(-17) prime?
True
Is (19 - 15)*(-635)/(-4) a composite number?
True
Let g = 228 + -110. Is g a prime number?
False
Suppose 2*o - 7 - 7 = 0. Let q = 11 - o. Suppose f - 5*p - 40 - 27 = 0, q*p + 16 = 0. Is f a prime number?
True
Suppose -6 = 5*v - 2*v. Let t be (0 - 22)/(-2) + v. Is 6/t + (-62)/(-6) composite?
False
Let o(d) = d**3 + d**2 - 2. Let l be o(-2). Let i(k) = -8*k + 5. Is i(l) a prime number?
True
Let b(k) = k + 11. Let s be b(-8). Suppose 4*v - 7 = 5. Suppose -3*l + 113 = 2*h, 0 - 93 = -s*l + v*h. Is l a composite number?
True
Suppose 4*s + 0*s - 508 = 0. Is s prime?
True
Let l(d) = 3*d**3 + 12*d**2 - 8*d - 3. Let o(t) = 8*t**3 + 35*t**2 - 24*t - 9. Let k(z) = 11*l(z) - 4*o(z). Let c be k(7). Is 234/c - (-4)/(-10) composite?
False
Suppose 0 = v + 3*d - 88, -3*v + 51 + 237 = d. Is v a composite number?
False
Let q(l) = 24*l + 1. Let o(k) = k**2 + 5*k - 7. Let f be o(-8). Is q(f) a prime number?
True
Suppose -2*h + 4*p = -3014, -3*p = -4*h - 2*p + 6035. Is h prime?
False
Suppose 3 + 1 = -4*y. Is (2 - 401)*y/3 composite?
True
Let w(t) = -7*t - 6. Let j be w(-9). Let h = 28 + -48. Let u = j + h. Is u composite?
False
Suppose -2*b - 12 = -5*r, 0 = 3*r + b + 2*b - 24. Suppose 0 = 3*a - w - 165, 5*a + 7*w - 275 = r*w. Is a a prime number?
False
Suppose -2*a + 869 = 79. Is a prime?
False
Let l(y) = 4*y**3 + y**2 - 23 + 0*y**3 - 3*y**3 + y. Let g be l(0). Let s = 14 - g. Is s prime?
True
Let p(s) = 19*s + 2. Suppose 5*n = 14 + 1. Is p(n) a composite number?
False
Let g(o) = -303*o**2. Let j be g(1). Let u = j - -568. Is u a composite number?
True
Let c(q) = -129*q**3 - 2*q**2. Is c(-1) prime?
True
Suppose -v + 215 = k - 4*v, 818 = 4*k + 2*v. Is k prime?
False
Is (-5150)/(-2) + (-7)/(35/(-20)) composite?
False
Let g be (3 + -1 - 2) + 2. Let a be 1/((-3)/(-12)) - g. Is (13/a + -1)*10 a composite number?
True
Let t(y) = 5*y + 6. Let m be t(13). Suppose c = m + 426. Is c prime?
False
Suppose -2*m + 2293 = 787. Is m a composite number?
True
Suppose 2*n + 5*u - 20 = -0*u, -2*n - 4 = -u. Suppose n = -2*j - 78 + 266. Suppose j = -3*i + 5*i. Is i a composite number?
False
Suppose 5*x - 903 = -4*m, x + 24 - 193 = 5*m. Is x a prime number?
True
Let d = -72 + 379. Is d a composite number?
False
Let w be 1 + 1 + 11 + -19. Let n(x) = -x**3 - 4*x**2 - x + 6. Let i(q) = -q**3 - 5*q**2 - 2*q + 6. Let g(v) = -3*i(v) + 2*n(v). Is g(w) composite?
True
Let w = -57 + 33. Let c = w - -45. Is c composite?
True
Let c be 3/12 - (-75)/(-12). Let w(b) = -14*b - 7. Is w(c) prime?
False
Let z = -17 + 21. Suppose -j + 355 = z*j. Is j composite?
False
Let b = -2 + 7. Suppose 0 = -4*r + 7 + b. Is r a prime number?
True
Let m be (-3)/(-2 + 14/4). Let d(y) = -2*y**3 - 3*y - 1. Is d(m) a composite number?
True
Is 9810/(-27)*(-6)/4 a prime number?
False
Let k be 4345/(-22)*(1 - -1). Let p = 714 + k. Is p composite?
True
Let o = 385 + -226. Is o a prime number?
False
Let t be -4 - ((5 - 1) + -2). Let f be 4/t + (-771)/(-9). Let d = 144 - f. Is d a composite number?
False
Suppose -4*i + b + 2841 = 0, -i + 3*b + 3560 = 4*i. Is i a prime number?
True
Suppose -2*h + 108 + 10 = 0. Is h composite?
False
Suppose 3*u + 5*f - 11 =